List the prime factors of 115297391.
11, 281, 3391
List the prime factors of 589439140.
2, 5, 2239, 13163
List the prime factors of 478490416.
2, 67, 446353
What are the prime factors of 55065276?
2, 3, 7, 218513
What are the prime factors of 56939384?
2, 53, 134291
What are the prime factors of 59105748?
2, 3, 13, 378883
What are the prime factors of 209813100?
2, 3, 5, 7, 2039
List the prime factors of 18240473.
17, 1072969
List the prime factors of 889065967.
889065967
List the prime factors of 71293057.
11, 6481187
List the prime factors of 124430105.
5, 1229, 20249
What are the prime factors of 956670680?
2, 5, 7, 127, 26903
List the prime factors of 37962305.
5, 23, 29, 11383
What are the prime factors of 257429998?
2, 7, 47, 391231
List the prime factors of 544097104.
2, 17, 733, 2729
List the prime factors of 117825151.
117825151
List the prime factors of 49077162.
2, 3, 2726509
List the prime factors of 28905918.
2, 3, 4817653
What are the prime factors of 231378593?
157, 1473749
What are the prime factors of 301542283?
7, 43077469
List the prime factors of 656790236.
2, 164197559
List the prime factors of 130013567.
67, 71, 151, 181
What are the prime factors of 642426846?
2, 3, 23, 691, 6737
List the prime factors of 1221317852.
2, 127, 2404169
What are the prime factors of 49962251?
1933, 25847
What are the prime factors of 151087079?
11, 13, 43, 24571
What are the prime factors of 484291872?
2, 3, 186841
What are the prime factors of 800562908?
2, 2153, 92959
What are the prime factors of 440597558?
2, 220298779
What are the prime factors of 231367831?
231367831
What are the prime factors of 8397226?
2, 79, 53147
List the prime factors of 450226294.
2, 7, 467, 68863
List the prime factors of 270181085.
5, 17, 3178601
List the prime factors of 3941362454.
2, 13999, 140773
What are the prime factors of 41716799?
19, 73, 1583
List the prime factors of 1561691429.
107, 271, 53857
What are the prime factors of 2128295364?
2, 3, 13, 13642919
What are the prime factors of 2788596887?
17, 967, 169633
What are the prime factors of 8874195?
3, 5, 11, 53783
List the prime factors of 257823217.
19, 53, 256031
What are the prime factors of 50863992?
2, 3, 79, 139, 193
What are the prime factors of 258417536?
2, 13, 155299
What are the prime factors of 2038940608?
2, 31858447
What are the prime factors of 133209116?
2, 61, 545939
What are the prime factors of 40899134?
2, 19, 37, 1531
What are the prime factors of 282314051?
431, 655021
What are the prime factors of 2230315628?
2, 47, 11863381
What are the prime factors of 41339942?
2, 7, 43, 1597
List the prime factors of 5947700860.
2, 5, 2351, 126493
List the prime factors of 1062412615.
5, 11, 19316593
List the prime factors of 1412736045.
3, 5, 7, 13454629
What are the prime factors of 166222936?
2, 11, 1888897
What are the prime factors of 402053155?
5, 7, 11487233
List the prime factors of 1081402289.
11, 8937209
What are the prime factors of 32458873?
32458873
What are the prime factors of 6656439392?
2, 223, 769, 1213
What are the prime factors of 71505599?
11, 41, 331, 479
What are the prime factors of 1287293155?
5, 257458631
What are the prime factors of 264077502?
2, 3, 13, 3385609
List the prime factors of 189113592.
2, 3, 7879733
List the prime factors of 2375924778.
2, 3, 997, 44131
List the prime factors of 41783091.
3, 7, 1989671
What are the prime factors of 3461068076?
2, 8779, 98561
List the prime factors of 172063140.
2, 3, 5, 2867719
List the prime factors of 64881110.
2, 5, 7, 587, 1579
What are the prime factors of 4688848017?
3, 7, 74426159
What are the prime factors of 251057342?
2, 125528671
List the prime factors of 859280037.
3, 7, 11, 3719827
List the prime factors of 136711943.
17, 8041879
What are the prime factors of 750050019?
3, 223, 373717
List the prime factors of 44607383.
19, 43, 71, 769
What are the prime factors of 1183808175?
3, 5, 11, 17, 84407
List the prime factors of 11248945.
5, 191, 11779
What are the prime factors of 1859126425?
5, 13, 5720389
What are the prime factors of 1399327933?
4211, 332303
What are the prime factors of 57145780?
2, 5, 1381, 2069
What are the prime factors of 74828229?
3, 7, 3563249
List the prime factors of 97219476.
2, 3, 2700541
List the prime factors of 38879874.
2, 3, 11, 179, 1097
List the prime factors of 3663514326.
2, 3, 701, 871021
List the prime factors of 54566364.
2, 3, 4547197
What are the prime factors of 1487220656?
2, 17, 659, 8297
List the prime factors of 5455113217.
5455113217
What are the prime factors of 278490808?
2, 23, 1513537
List the prime factors of 108739882.
2, 4297, 12653
What are the prime factors of 713106327?
3, 17, 3119, 4483
List the prime factors of 116992141.
7, 16713163
List the prime factors of 4496980636.
2, 727, 823, 1879
List the prime factors of 87530424.
2, 3, 3647101
What are the prime factors of 56533277?
5209, 10853
List the prime factors of 726505579.
726505579
List the prime factors of 461167730.
2, 5, 46116773
List the prime factors of 20490627.
3, 17, 131, 3067
What are the prime factors of 762667854?
2, 3, 13, 9777793
List the prime factors of 816446201.
816446201
What are the prime factors of 208821087?
3, 23202343
List the prime factors of 1981811981.
61, 32488721
What are the prime factors of 72315440?
2, 5, 97, 9319
What are the prime factors of 4267942?
2, 7, 59, 5167
List the prime factors of 3197020442.
2, 7, 11, 17, 89, 13721
List the prime factors of 20352779.
829, 24551
List the prime factors of 348709090.
2, 5, 19, 37, 49603
What are the prime factors of 50024877?
3, 7, 431, 5527
List the prime factors of 4817211.
3, 7, 191, 1201
What are the prime factors of 47712670?
2, 5, 4771267
List the prime factors of 137681674.
2, 13, 17, 79, 3943
What are the prime factors of 90178637?
107, 842791
List the prime factors of 2657035179.
3, 17, 101, 139, 1237
What are the prime factors of 53357873?
5711, 9343
What are the prime factors of 46902939?
3, 37, 422549
What are the prime factors of 386296555?
5, 2687, 28753
What are the prime factors of 125791862?
2, 7, 31, 289843
List the prime factors of 160216467.
3, 47, 1136287
What are the prime factors of 40466873?
31, 1305383
List the prime factors of 46960216.
2, 5870027
What are the prime factors of 184455357?
3, 61485119
List the prime factors of 3551829966.
2, 3, 2063, 31883
What are the prime factors of 11276624?
2, 23, 30643
What are the prime factors of 78233329?
29, 2697701
List the prime factors of 195259530.
2, 3, 5, 6508651
List the prime factors of 2438557812.
2, 3, 19, 179, 2213
What are the prime factors of 1563990501?
3, 23, 22666529
List the prime factors of 150247126.
2, 109, 6323
List the prime factors of 3845399761.
7, 1637, 335579
List the prime factors of 70364603.
70364603
What are the prime factors of 8015341463?
19, 6653, 63409
What are the prime factors of 189468810?
2, 3, 5, 2105209
What are the prime factors of 533781217?
23, 83, 279613
List the prime factors of 3137511565.
5, 173, 3627181
What are the prime factors of 304842880?
2, 5, 476317
What are the prime factors of 200560890?
2, 3, 5, 6685363
List the prime factors of 3472448666.
2, 193, 8995981
List the prime factors of 147564023.
147564023
What are the prime factors of 129658227?
3, 139, 310931
List the prime factors of 121548611.
163, 745697
List the prime factors of 4867729911.
3, 11, 61, 89561
What are the prime factors of 1658664180?
2, 3, 5, 157, 58693
List the prime factors of 638164577.
347, 1839091
What are the prime factors of 688434417?
3, 11, 1097, 2113
List the prime factors of 148641625.
5, 11, 17, 6359
What are the prime factors of 1808871153?
3, 43, 326099
List the prime factors of 972431794.
2, 197, 2468101
What are the prime factors of 10072360?
2, 5, 251809
List the prime factors of 712742361.
3, 59, 61, 251, 263
What are the prime factors of 5583056868?
2, 3, 47, 366631
What are the prime factors of 1895236419?
3, 631745473
List the prime factors of 692953454.
2, 346476727
What are the prime factors of 824024894?
2, 7, 11, 97, 55163
What are the prime factors of 417025557?
3, 13, 37, 163, 197
What are the prime factors of 67908423?
3, 11, 41, 53, 947
List the prime factors of 273236682.
2, 3, 17, 19, 140989
Lis